{"id":882,"date":"2016-07-06T12:44:24","date_gmt":"2016-07-06T10:44:24","guid":{"rendered":"http:\/\/ev-kirche-winterbach.de\/new\/?page_id=882"},"modified":"2026-04-20T12:58:16","modified_gmt":"2026-04-20T10:58:16","slug":"forderkreis-christliche-jugendarbeit","status":"publish","type":"page","link":"https:\/\/ev-kirche-winterbach.de\/wp\/forderkreis-christliche-jugendarbeit\/","title":{"rendered":"F\u00f6rderkreis Christliche Jugendarbeit"},"content":{"rendered":"<h3>F\u00f6rderkreis Christliche Jugendarbeit Winterbach<\/h3>\n<hr \/>\n<p>Die Kinder- und Jugendarbeit ist ein Herzst\u00fcck der Evangelischen Kirchengemeinde und des CVJM Winterbach und auch ein Aush\u00e4ngeschild. Viele Eltern wissen ihre Kinder bei uns gut aufgehoben.<\/p>\n<p class=\"p1\"><b>Welche Angebote gibt es in unserer in der <\/b><b>Kinder- und Jugendarbeit?<\/b><\/p>\n<ul>\n<li class=\"p2\">w\u00f6chentliche Angebote wie Jungschar, Teenkreis, Jugendkreis<\/li>\n<li class=\"p2\"><span style=\"font-size: revert;\">Sommerfreizeiten wie Waldheim, Zeltlager<\/span><\/li>\n<li class=\"p2\"><span style=\"font-size: revert;\">Skifreizeiten f\u00fcr Kinder, Jugendliche und Familien<\/span><\/li>\n<li class=\"p2\"><span style=\"font-size: revert;\">Offene Angebote und Projekte<\/span><\/li>\n<li class=\"p2\"><span style=\"font-size: revert;\">Jugendbands<\/span><\/li>\n<li class=\"p2\"><span style=\"font-size: revert;\">Verschiedene Formate an Jugendgottesdiensten<\/span><\/li>\n<li class=\"p2\"><span style=\"font-size: revert;\">Kinder-Bibel-Woche<\/span><\/li>\n<li class=\"p2\"><span style=\"font-size: revert;\">Trainee<\/span><\/li>\n<li class=\"p2\"><span style=\"font-size: revert;\">Remsrock<\/span><\/li>\n<\/ul>\n<p class=\"p2\">Alle Angebote in unserer Kinder- und Jugendarbeit werden ausschlie\u00dflich von ehrenamtlich Mitarbeitenden mit Unterst\u00fctzung und Koordination der Jugendreferenten durchgef\u00fchrt.<\/p>\n<hr \/>\n<p class=\"p1\"><b>UNSERE <\/b><b>MISSION<\/b><\/p>\n<p class=\"p1\">Wir wollen christliche Jugendarbeit in Winterbach und perspektivisch auch in Weiler langfristig auf ein solides Fundament stellen. Daf\u00fcr ben\u00f6tigen wir einen dauerhaft finanzierten 200% Stellenumfang. Die bestehende 100% Stelle soll langfristig fortgef\u00fchrt werden. Mit der Erweiterung des Stellenumfangs wollen wir Kapazit\u00e4t f\u00fcr weitere Bereiche in hauptamtlicher Verantwortung und Begleitung schaffen, sowie neue Projekte erm\u00f6glichen.<\/p>\n<p class=\"p1\">Durch die Hauptamtlichen werden ehrenamtliche Mitarbeitende geschult, gest\u00e4rkt und bef\u00e4higt. Sie wirken so als Multiplikatoren in die Jugendarbeit. \u201eKleiner Invest \u2013 gro\u00dfe Wirkung\u201c<\/p>\n<p class=\"p2\">Die 200% Stellenumfang sollen \u00fcber fixe Beitr\u00e4ge von evangelischer Kirchengemeinde und CVJM Winterbach, Spenden (Mitgliedsbeitr\u00e4ge F\u00f6rderkreis, einmalige Spenden, Aktionen), Sponsoring, Drittmittel, Zusch\u00fcsse, Stiftungen, etc. finanziert werden. Finanzierung und Spendenbedarf der Bruttolohnkosten pro Jahr (200% Jugendreferent) belaufen sich auf ca. 160.000 EUR.\u00a0<\/p>\n<hr \/>\n<p class=\"p1\"><b>UNSERE <\/b><b>MOTIVATION<\/b><\/p>\n<p class=\"p2\">Wir als Christen sehen unsere Aufgabe darin:<\/p>\n<ul>\n<li class=\"p2\">Beziehungen aufzubauen, die auf Vertrauen, Wertsch\u00e4tzung und <span style=\"font-size: revert;\">Annahme basieren<\/span><\/li>\n<li class=\"p2\"><span style=\"font-size: revert;\">Resilienz in Kindern und Jugendlichen zu f\u00f6rdern<\/span><\/li>\n<li class=\"p2\"><span style=\"font-size: revert;\">Kinder und Jugendliche zu einer Beziehung mit Jesus einzuladen<\/span><\/li>\n<li class=\"p2\"><span style=\"font-size: revert;\">Christliche Werte zu vermitteln<\/span><\/li>\n<li class=\"p2\"><span style=\"font-size: revert;\">Gemeinschaft zu erm\u00f6glichen, zu f\u00f6rdern und zu st\u00e4rken<\/span><\/li>\n<li class=\"p2\"><span style=\"font-size: revert;\">Kinder und Jugendliche auf dem Weg zu begleiten, ihre eigene <\/span><span style=\"font-size: revert;\">Identit\u00e4t zu finden, ihre Gaben zu erkennen und sie zu f\u00f6rdern<\/span><\/li>\n<li class=\"p2\"><span style=\"font-size: revert;\">Freir\u00e4ume ohne Wertung und Leistungsdruck zu bieten und offen <\/span><span style=\"font-size: revert;\">zu sein f\u00fcr alle Menschen<\/span><\/li>\n<li class=\"p2\"><span style=\"font-size: revert;\">Mitarbeitende zu bef\u00e4higen (leiten, f\u00fchren, soziale Kompetenzen)<\/span><\/li>\n<li class=\"p2\"><span style=\"font-size: revert;\">Mit unseren Angeboten K\u00f6rper, Geist und Seele anzusprechen<\/span><\/li>\n<\/ul>\n<p class=\"p2\">Wir erleben in den letzten Jahren vermehrt, dass Kinder und Jugendliche durch gestiegene Leistungsgedanken, sozialen Druck und Erwartungen, sowie einer Vielzahl an \u00e4u\u00dferen Einfl\u00fcssen zunehmend (seelisch) belastet und orientierungslos sind. Wir sehen daher ein gro\u00dfes Bed\u00fcrfnis nach Annahme, Beziehung, Wertsch\u00e4tzung, \u201eGesehen werden\u201c, Halt, Orientierung \u2013 nach einer innerlichen Heimat.<\/p>\n<p class=\"p2\">Diesen Bed\u00fcrfnissen wollen wir mit unserer Kinder- und Jugendarbeit Raum geben.<\/p>\n<p class=\"p2\">Der <span class=\"highlight\">F\u00f6rderkreis<\/span> christliche Jugendarbeit Winterbach ist durch Bescheinigung des Finanzamtes Schorndorf als gemeinn\u00fctzig anerkannt.<!--\n\n\n\n\n\n\n\n\n\n<hr \/>\n\n\n\n\n\n\n\n\n\n\n\n<h4>Ansprechpartner<\/h4>\n\n\n\n\n\n\n\n\n\n\n\n\n\n\n\n\n\n\n<div class=\"table-responsive\">\n\n\n\n\n\n\n\n\n<table class=\"table table-striped\">\n\n\n\n\n\n\n\n\n\n\n<thead>\n\n\n\n\n\n\n\n\n\n\n<tr>\n\n\n\n\n\n\n\n\n\n\n<th>Rolle<\/th>\n\n\n\n\n\n\n\n\n\n\n\n\n\n\n\n\n\n\n\n\n<th>Ansprechpartner<\/th>\n\n\n\n\n\n\n\n\n\n\n\n\n\n\n\n\n\n\n\n\n<th>Kontakt<\/th>\n\n\n\n\n\n\n\n\n\n\n<\/tr>\n\n\n\n\n\n\n\n\n\n\n<\/thead>\n\n\n\n\n\n\n\n\n\n\n\n\n\n\n\n\n\n\n\n\n<tbody>\n\n\n\n\n\n\n\n\n\n\n<tr>\n\n\n\n\n\n\n\n\n<th scope=\"row\">1. Vorsitzender<\/th>\n\n\n\n\n\n\n\n\n\n\n\n\n\n\n\n\n\n\n\n\n<td>Frieder Erhardt<\/td>\n\n\n\n\n\n\n\n\n\n\n\n\n\n\n\n\n\n\n\n\n<td>---<\/td>\n\n\n\n\n\n\n\n\n\n\n<\/tr>\n\n\n\n\n\n\n\n\n\n\n\n\n\n\n\n\n\n\n\n\n<tr>\n\n\n\n\n\n\n\n\n<th scope=\"row\">Stellvertretende Vorsitzende<\/th>\n\n\n\n\n\n\n\n\n\n\n\n\n\n\n\n\n\n\n\n\n<td>Elke Sommer<\/td>\n\n\n\n\n\n\n\n\n\n\n\n\n\n\n\n\n\n\n\n\n<td>---<\/td>\n\n\n\n\n\n\n\n\n\n\n<\/tr>\n\n\n\n\n\n\n\n\n\n\n\n\n\n\n\n\n\n\n\n\n<tr>\n\n\n\n\n\n\n\n\n<th scope=\"row\">Kassierer<\/th>\n\n\n\n\n\n\n\n\n\n\n\n\n\n\n\n\n\n\n\n\n<td>Rainer Berger<\/td>\n\n\n\n\n\n\n\n\n\n\n\n\n\n\n\n\n\n\n\n\n<td>---<\/td>\n\n\n\n\n\n\n\n\n\n\n<\/tr>\n\n\n\n\n\n\n\n\n\n\n\n\n\n\n\n\n\n\n\n\n<tr>\n\n\n\n\n\n\n\n\n<th scope=\"row\">Schriftf\u00fchrerin<\/th>\n\n\n\n\n\n\n\n\n\n\n\n\n\n\n\n\n\n\n\n\n<td>Simone Baumgart<\/td>\n\n\n\n\n\n\n\n\n\n\n\n\n\n\n\n\n\n\n\n\n<td>---<\/td>\n\n\n\n\n\n\n\n\n\n\n<\/tr>\n\n\n\n\n\n\n\n\n\n\n\n\n\n\n\n\n\n\n\n\n<tr>\n\n\n\n\n\n\n\n\n<th scope=\"row\">Beisitzer<\/th>\n\n\n\n\n\n\n\n\n\n\n\n\n\n\n\n\n\n\n\n\n<td>Sylvia B\u00fcrk, Heike Berger, Dr. Anton Wiegers, Martin Weller, Hans-Peter Gerst,\u00a0Ann-Kathrin Gerst<\/td>\n\n\n\n\n\n\n\n\n\n\n\n\n\n\n\n\n\n\n\n\n<td>---<\/td>\n\n\n\n\n\n\n\n\n\n\n<\/tr>\n\n\n\n\n\n\n\n\n\n\n<\/tbody>\n\n\n\n\n\n\n\n\n\n\n<\/table>\n\n\n\n\n\n\n\n\n\n\n--><\/p>\n<p><a href=\"https:\/\/ev-kirche-winterbach.de\/wp\/wp-content\/uploads\/Fo\u0308rderkreis_Flyer_2025_hoch_DRUCK.pdf\">Zum Flyer &gt;&gt;<\/a><\/p>\n<p><a href=\"https:\/\/ev-kirche-winterbach.de\/wp\/wp-content\/uploads\/Fo\u0308rderkreis_Einleger-Privatperson_2025_quer_DRUCK.pdf\">f\u00fcr Privatperson&gt;&gt;<\/a><\/p>\n<p><a href=\"https:\/\/ev-kirche-winterbach.de\/wp\/wp-content\/uploads\/Fo\u0308rderkreis_Einleger-Sponsoren_2025_quer_DRUCK.pdf\">f\u00fcr Sponsoren&gt;&gt;<\/a><\/p>\n\n\n<p><strong>Kontakt<\/strong><\/p>\n\n\n\n<p>F\u00f6rderkreis Christliche Jugendarbeit<\/p>\n\n\n\n<p>Ann-Kathrin Gerst, Vorsitzende<\/p>\n\n\n\n<p>Christine W\u00f6hrle, Stv. Vorsitzende<\/p>\n\n\n\n<p>Goldammerweg 28<\/p>\n\n\n\n<p>73650 Winterbach<\/p>\n\n\n\n<p>Mobil +49 152 59808407<\/p>\n\n\n\n<p>Mail kontakt@wertstoff-winterbach.de<\/p>\n\n\n\n<p>www.wertstoff-winterbach.de<\/p>\n\n\n\n<p>F\u00f6rderkreis-Spendenkonto bei der Winterbacher Bank<\/p>\n\n\n\n<p>IBAN DE59 6006 9462 0021 8000 06<\/p>\n\n\n\n<p>BIC GENODES1WBB<\/p>\n\n\n\n<div class=\"wp-block-image\"><figure class=\"aligncenter size-full\"><img loading=\"lazy\" width=\"723\" height=\"244\" src=\"https:\/\/ev-kirche-winterbach.de\/wp\/wp-content\/uploads\/image-1.png\" alt=\"\" class=\"wp-image-9510\"\/><\/figure><\/div>\n","protected":false},"excerpt":{"rendered":"<p>F\u00f6rderkreis Christliche Jugendarbeit Winterbach Die Kinder- und Jugendarbeit ist ein Herzst\u00fcck der Evangelischen Kirchengemeinde und des CVJM Winterbach und auch ein Aush\u00e4ngeschild. Viele Eltern wissen ihre Kinder bei uns gut aufgehoben. Welche Angebote gibt es in unserer in der Kinder- und Jugendarbeit? w\u00f6chentliche Angebote wie Jungschar, Teenkreis, Jugendkreis Sommerfreizeiten wie Waldheim, Zeltlager Skifreizeiten f\u00fcr Kinder, [&hellip;]<\/p>\n","protected":false},"author":1,"featured_media":0,"parent":0,"menu_order":0,"comment_status":"closed","ping_status":"closed","template":"","meta":[],"rttpg_featured_image_url":null,"rttpg_author":{"display_name":"Homepageteam","author_link":"https:\/\/ev-kirche-winterbach.de\/wp\/author\/user\/"},"rttpg_comment":0,"rttpg_category":null,"rttpg_excerpt":"F\u00f6rderkreis Christliche Jugendarbeit Winterbach Die Kinder- und Jugendarbeit ist ein Herzst\u00fcck der Evangelischen Kirchengemeinde und des CVJM Winterbach und auch ein Aush\u00e4ngeschild. Viele Eltern wissen ihre Kinder bei uns gut aufgehoben. Welche Angebote gibt es in unserer in der Kinder- und Jugendarbeit? w\u00f6chentliche Angebote wie Jungschar, Teenkreis, Jugendkreis Sommerfreizeiten wie Waldheim, Zeltlager Skifreizeiten f\u00fcr Kinder,&hellip;","_links":{"self":[{"href":"https:\/\/ev-kirche-winterbach.de\/wp\/wp-json\/wp\/v2\/pages\/882"}],"collection":[{"href":"https:\/\/ev-kirche-winterbach.de\/wp\/wp-json\/wp\/v2\/pages"}],"about":[{"href":"https:\/\/ev-kirche-winterbach.de\/wp\/wp-json\/wp\/v2\/types\/page"}],"author":[{"embeddable":true,"href":"https:\/\/ev-kirche-winterbach.de\/wp\/wp-json\/wp\/v2\/users\/1"}],"replies":[{"embeddable":true,"href":"https:\/\/ev-kirche-winterbach.de\/wp\/wp-json\/wp\/v2\/comments?post=882"}],"version-history":[{"count":13,"href":"https:\/\/ev-kirche-winterbach.de\/wp\/wp-json\/wp\/v2\/pages\/882\/revisions"}],"predecessor-version":[{"id":9511,"href":"https:\/\/ev-kirche-winterbach.de\/wp\/wp-json\/wp\/v2\/pages\/882\/revisions\/9511"}],"wp:attachment":[{"href":"https:\/\/ev-kirche-winterbach.de\/wp\/wp-json\/wp\/v2\/media?parent=882"}],"curies":[{"name":"wp","href":"https:\/\/api.w.org\/{rel}","templated":true}]}}

Förderkreis Christliche Jugendarbeit

<h3>Förderkreis Christliche Jugendarbeit Winterbach</h3>
<hr />
<p>Die Kinder- und Jugendarbeit ist ein Herzstück der Evangelischen Kirchengemeinde und des CVJM Winterbach und auch ein Aushängeschild. Viele Eltern wissen ihre Kinder bei uns gut aufgehoben.</p>
<p class="p1"><b>Welche Angebote gibt es in unserer in der </b><b>Kinder- und Jugendarbeit?</b></p>
<ul>
<li class="p2">wöchentliche Angebote wie Jungschar, Teenkreis, Jugendkreis</li>
<li class="p2"><span style="font-size: revert;">Sommerfreizeiten wie Waldheim, Zeltlager</span></li>
<li class="p2"><span style="font-size: revert;">Skifreizeiten für Kinder, Jugendliche und Familien</span></li>
<li class="p2"><span style="font-size: revert;">Offene Angebote und Projekte</span></li>
<li class="p2"><span style="font-size: revert;">Jugendbands</span></li>
<li class="p2"><span style="font-size: revert;">Verschiedene Formate an Jugendgottesdiensten</span></li>
<li class="p2"><span style="font-size: revert;">Kinder-Bibel-Woche</span></li>
<li class="p2"><span style="font-size: revert;">Trainee</span></li>
<li class="p2"><span style="font-size: revert;">Remsrock</span></li>
</ul>
<p class="p2">Alle Angebote in unserer Kinder- und Jugendarbeit werden ausschließlich von ehrenamtlich Mitarbeitenden mit Unterstützung und Koordination der Jugendreferenten durchgeführt.</p>
<hr />
<p class="p1"><b>UNSERE </b><b>MISSION</b></p>
<p class="p1">Wir wollen christliche Jugendarbeit in Winterbach und perspektivisch auch in Weiler langfristig auf ein solides Fundament stellen. Dafür benötigen wir einen dauerhaft finanzierten 200% Stellenumfang. Die bestehende 100% Stelle soll langfristig fortgeführt werden. Mit der Erweiterung des Stellenumfangs wollen wir Kapazität für weitere Bereiche in hauptamtlicher Verantwortung und Begleitung schaffen, sowie neue Projekte ermöglichen.</p>
<p class="p1">Durch die Hauptamtlichen werden ehrenamtliche Mitarbeitende geschult, gestärkt und befähigt. Sie wirken so als Multiplikatoren in die Jugendarbeit. „Kleiner Invest – große Wirkung“</p>
<p class="p2">Die 200% Stellenumfang sollen über fixe Beiträge von evangelischer Kirchengemeinde und CVJM Winterbach, Spenden (Mitgliedsbeiträge Förderkreis, einmalige Spenden, Aktionen), Sponsoring, Drittmittel, Zuschüsse, Stiftungen, etc. finanziert werden. Finanzierung und Spendenbedarf der Bruttolohnkosten pro Jahr (200% Jugendreferent) belaufen sich auf ca. 160.000 EUR. </p>
<hr />
<p class="p1"><b>UNSERE </b><b>MOTIVATION</b></p>
<p class="p2">Wir als Christen sehen unsere Aufgabe darin:</p>
<ul>
<li class="p2">Beziehungen aufzubauen, die auf Vertrauen, Wertschätzung und <span style="font-size: revert;">Annahme basieren</span></li>
<li class="p2"><span style="font-size: revert;">Resilienz in Kindern und Jugendlichen zu fördern</span></li>
<li class="p2"><span style="font-size: revert;">Kinder und Jugendliche zu einer Beziehung mit Jesus einzuladen</span></li>
<li class="p2"><span style="font-size: revert;">Christliche Werte zu vermitteln</span></li>
<li class="p2"><span style="font-size: revert;">Gemeinschaft zu ermöglichen, zu fördern und zu stärken</span></li>
<li class="p2"><span style="font-size: revert;">Kinder und Jugendliche auf dem Weg zu begleiten, ihre eigene </span><span style="font-size: revert;">Identität zu finden, ihre Gaben zu erkennen und sie zu fördern</span></li>
<li class="p2"><span style="font-size: revert;">Freiräume ohne Wertung und Leistungsdruck zu bieten und offen </span><span style="font-size: revert;">zu sein für alle Menschen</span></li>
<li class="p2"><span style="font-size: revert;">Mitarbeitende zu befähigen (leiten, führen, soziale Kompetenzen)</span></li>
<li class="p2"><span style="font-size: revert;">Mit unseren Angeboten Körper, Geist und Seele anzusprechen</span></li>
</ul>
<p class="p2">Wir erleben in den letzten Jahren vermehrt, dass Kinder und Jugendliche durch gestiegene Leistungsgedanken, sozialen Druck und Erwartungen, sowie einer Vielzahl an äußeren Einflüssen zunehmend (seelisch) belastet und orientierungslos sind. Wir sehen daher ein großes Bedürfnis nach Annahme, Beziehung, Wertschätzung, „Gesehen werden“, Halt, Orientierung – nach einer innerlichen Heimat.</p>
<p class="p2">Diesen Bedürfnissen wollen wir mit unserer Kinder- und Jugendarbeit Raum geben.</p>
<p class="p2">Der <span class="highlight">Förderkreis</span> christliche Jugendarbeit Winterbach ist durch Bescheinigung des Finanzamtes Schorndorf als gemeinnützig anerkannt.<!--









<hr />











<h4>Ansprechpartner</h4>


















<div class="table-responsive">








<table class="table table-striped">










<thead>










<tr>










<th>Rolle</th>




















<th>Ansprechpartner</th>




















<th>Kontakt</th>










</tr>










</thead>




















<tbody>










<tr>








<th scope="row">1. Vorsitzender</th>




















<td>Frieder Erhardt</td>




















<td>---</td>










</tr>




















<tr>








<th scope="row">Stellvertretende Vorsitzende</th>




















<td>Elke Sommer</td>




















<td>---</td>










</tr>




















<tr>








<th scope="row">Kassierer</th>




















<td>Rainer Berger</td>




















<td>---</td>










</tr>




















<tr>








<th scope="row">Schriftführerin</th>




















<td>Simone Baumgart</td>




















<td>---</td>










</tr>




















<tr>








<th scope="row">Beisitzer</th>




















<td>Sylvia Bürk, Heike Berger, Dr. Anton Wiegers, Martin Weller, Hans-Peter Gerst, Ann-Kathrin Gerst</td>




















<td>---</td>










</tr>










</tbody>










</table>










--></p>
<p><a href="https://ev-kirche-winterbach.de/wp/wp-content/uploads/Förderkreis_Flyer_2025_hoch_DRUCK.pdf">Zum Flyer &gt;&gt;</a></p>
<p><a href="https://ev-kirche-winterbach.de/wp/wp-content/uploads/Förderkreis_Einleger-Privatperson_2025_quer_DRUCK.pdf">für Privatperson&gt;&gt;</a></p>
<p><a href="https://ev-kirche-winterbach.de/wp/wp-content/uploads/Förderkreis_Einleger-Sponsoren_2025_quer_DRUCK.pdf">für Sponsoren&gt;&gt;</a></p>


<p><strong>Kontakt</strong></p>



<p>Förderkreis Christliche Jugendarbeit</p>



<p>Ann-Kathrin Gerst, Vorsitzende</p>



<p>Christine Wöhrle, Stv. Vorsitzende</p>



<p>Goldammerweg 28</p>



<p>73650 Winterbach</p>



<p>Mobil +49 152 59808407</p>



<p>Mail kontakt@wertstoff-winterbach.de</p>



<p>www.wertstoff-winterbach.de</p>



<p>Förderkreis-Spendenkonto bei der Winterbacher Bank</p>



<p>IBAN DE59 6006 9462 0021 8000 06</p>



<p>BIC GENODES1WBB</p>



<div class="wp-block-image"><figure class="aligncenter size-full"><img loading="lazy" width="723" height="244" src="https://ev-kirche-winterbach.de/wp/wp-content/uploads/image-1.png" alt="" class="wp-image-9510"/></figure></div>

<p>Förderkreis Christliche Jugendarbeit Winterbach Die Kinder- und Jugendarbeit ist ein Herzstück der Evangelischen Kirchengemeinde und des CVJM Winterbach und auch ein Aushängeschild. Viele Eltern wissen ihre Kinder bei uns gut aufgehoben. Welche Angebote gibt es in unserer in der Kinder- und Jugendarbeit? wöchentliche Angebote wie Jungschar, Teenkreis, Jugendkreis Sommerfreizeiten wie Waldheim, Zeltlager Skifreizeiten für Kinder, [&hellip;]</p>

Förderkreis Christliche Jugendarbeit Winterbach Die Kinder- und Jugendarbeit ist ein Herzstück der Evangelischen Kirchengemeinde und des CVJM Winterbach und auch ein Aushängeschild. Viele Eltern wissen ihre Kinder bei uns gut aufgehoben. Welche Angebote gibt es in unserer in der Kinder- und Jugendarbeit? wöchentliche Angebote wie Jungschar, Teenkreis, Jugendkreis Sommerfreizeiten wie Waldheim, Zeltlager Skifreizeiten für Kinder,&hellip;
